{"id":7797,"date":"2016-12-20T16:54:06","date_gmt":"2016-12-20T16:54:06","guid":{"rendered":"https:\/\/hoshi.mikado-themes.com\/?page_id=7797"},"modified":"2023-07-18T16:35:08","modified_gmt":"2023-07-18T19:35:08","slug":"contato","status":"publish","type":"page","link":"https:\/\/loteadorarondon.com.br\/?page_id=7797","title":{"rendered":"Contato"},"content":{"rendered":"<p>[vc_row content_width=&#8221;grid&#8221; css=&#8221;.vc_custom_1689708836238{padding-top: 109px !important;padding-bottom: 98px !important;background-color: #f0f0f0 !important;}&#8221;][vc_column offset=&#8221;vc_col-lg-offset-0 vc_col-lg-6 vc_col-md-offset-0 vc_col-md-12 vc_col-sm-offset-0&#8243;]<div class=\"mkd-section-title-holder\">\n\t<h2 class=\"mkd-section-title\" style=\"text-transform: none;text-align: left\">\n\tFale com quem entende do assunto<span class=\"mkd-section-highlighted\" >!<\/span>\t<\/h2>\n<\/div>[vc_column_text]<\/p>\n<h5><span style=\"color: #818181;\">Fa\u00e7a coisas que ficam na mem\u00f3ria, fa\u00e7a coisas que valem a pena. Somos apaixonados pelos nossos projetos e pelos nossos clientes. N\u00f3s sempre superamos expectativas. Nosso maior desafio \u00e9 a busca constante pela excel\u00eancia em tudo que fazemos.<\/span><\/h5>\n<p>[\/vc_column_text][vc_empty_space height=&#8221;33px&#8221;]<a href=\"https:\/\/api.whatsapp.com\/send?phone=5544998076596\" target=\"_self\"  class=\"mkd-btn mkd-btn-medium mkd-btn-solid mkd-btn-hover-outline\"  >\n\t<span class=\"mkd-btn-text\">Fale com um especialista <\/span>\n\t\t\n\t<\/a>[vc_empty_space height=&#8221;50px&#8221;][\/vc_column][vc_column offset=&#8221;vc_col-lg-offset-0 vc_col-lg-6 vc_col-md-offset-0 vc_col-md-12 vc_col-sm-offset-0&#8243;][vc_column_text]<\/p>\n<h2 style=\"color: #3e3e3e; margin-top: 0px;\">Empreendimentos Rondon<\/h2>\n<p>[\/vc_column_text][vc_empty_space height=&#8221;65px&#8221;][vc_row_inner][vc_column_inner width=&#8221;1\/2&#8243;][vc_empty_space height=&#8221;22px&#8221;]<div  class=\"mkd-icon-list-item mkd-icon-list-item-default-font-family\">\n\t<div class=\"mkd-icon-list-icon-holder\">\n\t\t<div class=\"mkd-icon-list-icon-holder-inner clearfix \">\n\t\t\t<span aria-hidden=\"true\" class=\"mkd-icon-font-elegant icon_phone \" style=\"color:#d4a23e;font-size:17px\" ><\/span>\t\t<\/div>\n\t<\/div>\n\t<p class=\"mkd-icon-list-text\" style=\"color:#777777;font-size:16px\" > (44) 3672-2838<\/p>\n<\/div><div  class=\"mkd-icon-list-item mkd-icon-list-item-default-font-family\">\n\t<div class=\"mkd-icon-list-icon-holder\">\n\t\t<div class=\"mkd-icon-list-icon-holder-inner clearfix \">\n\t\t\t<span aria-hidden=\"true\" class=\"mkd-icon-font-elegant icon_phone \" style=\"color:#d4a23e;font-size:17px\" ><\/span>\t\t<\/div>\n\t<\/div>\n\t<p class=\"mkd-icon-list-text\" style=\"color:#777777;font-size:16px\" > (44) 99807-6596<\/p>\n<\/div><div  class=\"mkd-icon-list-item mkd-icon-list-item-default-font-family\">\n\t<div class=\"mkd-icon-list-icon-holder\">\n\t\t<div class=\"mkd-icon-list-icon-holder-inner clearfix \">\n\t\t\t<span aria-hidden=\"true\" class=\"mkd-icon-font-elegant icon_comment \" style=\"color:#d4a23e;font-size:17px\" ><\/span>\t\t<\/div>\n\t<\/div>\n\t<p class=\"mkd-icon-list-text\" style=\"color:#777777;font-size:16px\" > loteadorarondon@hotmail.com<\/p>\n<\/div><div  class=\"mkd-icon-list-item mkd-icon-list-item-default-font-family\">\n\t<div class=\"mkd-icon-list-icon-holder\">\n\t\t<div class=\"mkd-icon-list-icon-holder-inner clearfix \">\n\t\t\t<span aria-hidden=\"true\" class=\"mkd-icon-font-elegant icon_pin \" style=\"color:#d4a23e;font-size:17px\" ><\/span>\t\t<\/div>\n\t<\/div>\n\t<p class=\"mkd-icon-list-text\" style=\"color:#777777;font-size:16px\" > R. Paris, 943 - Centro, Rondon - PR<\/p>\n<\/div>[vc_empty_space height=&#8221;25px&#8221;][\/vc_column_inner][\/vc_row_inner][\/vc_column][\/vc_row][vc_row content_width=&#8221;grid&#8221; css=&#8221;.vc_custom_1689016484600{padding-top: 40px !important;padding-bottom: 20px !important;background-color: #292a33 !important;}&#8221;][vc_column][vc_row_inner content_width=&#8221;grid&#8221;][vc_column_inner width=&#8221;1\/4&#8243; offset=&#8221;vc_col-lg-offset-0 vc_col-lg-3 vc_col-md-offset-0 vc_col-md-3 vc_col-sm-offset-0&#8243;][vc_column_text]<\/p>\n<h4><span style=\"color: #ffffff;\">RONDON<\/span><\/h4>\n<p>[\/vc_column_text][vc_empty_space height=&#8221;22px&#8221;]<div  class=\"mkd-icon-list-item mkd-icon-list-item-default-font-family\">\n\t<div class=\"mkd-icon-list-icon-holder\">\n\t\t<div class=\"mkd-icon-list-icon-holder-inner clearfix \">\n\t\t\t<span aria-hidden=\"true\" class=\"mkd-icon-font-elegant icon_phone \" style=\"color:#d4a23e;font-size:17px\" ><\/span>\t\t<\/div>\n\t<\/div>\n\t<p class=\"mkd-icon-list-text\" style=\"color:#ffffff;font-size:16px\" > (44) 3672-2838<\/p>\n<\/div><div  class=\"mkd-icon-list-item mkd-icon-list-item-default-font-family\">\n\t<div class=\"mkd-icon-list-icon-holder\">\n\t\t<div class=\"mkd-icon-list-icon-holder-inner clearfix \">\n\t\t\t<span aria-hidden=\"true\" class=\"mkd-icon-font-elegant icon_comment \" style=\"color:#d4a23e;font-size:17px\" ><\/span>\t\t<\/div>\n\t<\/div>\n\t<p class=\"mkd-icon-list-text\" style=\"color:#ffffff;font-size:16px\" > loteadorarondon@hotmail.com<\/p>\n<\/div><div  class=\"mkd-icon-list-item mkd-icon-list-item-default-font-family\">\n\t<div class=\"mkd-icon-list-icon-holder\">\n\t\t<div class=\"mkd-icon-list-icon-holder-inner clearfix \">\n\t\t\t<span aria-hidden=\"true\" class=\"mkd-icon-font-elegant icon_pin \" style=\"color:#d4a23e;font-size:17px\" ><\/span>\t\t<\/div>\n\t<\/div>\n\t<p class=\"mkd-icon-list-text\" style=\"color:#ffffff;font-size:16px\" > R. Paris, 943 - Centro, Rondon - PR<\/p>\n<\/div>[vc_empty_space height=&#8221;25px&#8221;][\/vc_column_inner][vc_column_inner width=&#8221;1\/4&#8243; offset=&#8221;vc_col-lg-offset-0 vc_col-lg-2 vc_col-md-offset-0 vc_col-md-2 vc_col-sm-offset-0&#8243;][vc_column_text]<\/p>\n<h4><span style=\"color: #ffffff;\">Links \u00dateis<\/span><\/h4>\n<p>[\/vc_column_text][vc_empty_space height=&#8221;22px&#8221;][vc_column_text]<\/p>\n<div class=\"mkd-icon-list-item mkd-icon-list-item-default-font-family\">\n<p class=\"mkd-icon-list-text\" style=\"color: #ffffff; font-size: 18px;\"><a href=\"https:\/\/loteadorarondon.com.br\/\">Inicio<\/a><\/p>\n<\/div>\n<div class=\"mkd-icon-list-item mkd-icon-list-item-default-font-family\">\n<p class=\"mkd-icon-list-text\" style=\"color: #ffffff; font-size: 18px;\"><a href=\"https:\/\/loteadorarondon.com.br\/index.php\/sobre\/\">Sobre<\/a><\/p>\n<\/div>\n<div class=\"mkd-icon-list-item mkd-icon-list-item-default-font-family\">\n<p class=\"mkd-icon-list-text\" style=\"color: #ffffff; font-size: 18px;\"><a href=\"https:\/\/loteadorarondon.com.br\/index.php\/faq\/\">FAQ<\/a><\/p>\n<\/div>\n<div class=\"mkd-icon-list-item mkd-icon-list-item-default-font-family\">\n<p class=\"mkd-icon-list-text\" style=\"color: #ffffff; font-size: 18px;\"><a href=\"https:\/\/loteadorarondon.com.br\/index.php\/blog\/\">Blog<\/a><\/p>\n<\/div>\n<div class=\"mkd-icon-list-item mkd-icon-list-item-default-font-family\">\n<p class=\"mkd-icon-list-text\" style=\"color: #ffffff; font-size: 18px;\"><a href=\"https:\/\/loteadorarondon.com.br\/index.php\/contato\/\">Contato<\/a><\/p>\n<\/div>\n<p>[\/vc_column_text][vc_empty_space height=&#8221;25px&#8221;][\/vc_column_inner][vc_column_inner width=&#8221;1\/4&#8243; offset=&#8221;vc_col-lg-3 vc_col-md-3&#8243;][vc_column_text]<\/p>\n<h4><span style=\"color: #ffffff;\">Loteamentos<\/span><\/h4>\n<p>[\/vc_column_text][vc_empty_space height=&#8221;22px&#8221;][vc_column_text]<\/p>\n<div class=\"mkd-icon-list-item mkd-icon-list-item-default-font-family\">\n<p class=\"mkd-icon-list-text\" style=\"color: #ffffff; font-size: 17px;\"><a href=\"https:\/\/loteadorarondon.com.br\/?page_id=11375\">Novo Horizonte I &#8211; Araruna &#8211; PR<br \/>\n<\/a><\/p>\n<\/div>\n<div class=\"mkd-icon-list-item mkd-icon-list-item-default-font-family\">\n<p class=\"mkd-icon-list-text\" style=\"color: #ffffff; font-size: 17px;\"><a href=\"https:\/\/loteadorarondon.com.br\/?page_id=11140\">Golden Park &#8211; Cidade Ga\u00facha \u2013 PR<\/a><\/p>\n<\/div>\n<div class=\"mkd-icon-list-item mkd-icon-list-item-default-font-family\">\n<p class=\"mkd-icon-list-text\" style=\"color: #ffffff; font-size: 17px;\"><a href=\"https:\/\/loteadorarondon.com.br\/?page_id=10396\">Jardim Portinari &#8211; Indian\u00f3polis \u2013 PR<\/a><\/p>\n<\/div>\n<div class=\"mkd-icon-list-item mkd-icon-list-item-default-font-family\">\n<p class=\"mkd-icon-list-text\" style=\"color: #ffffff; font-size: 17px;\"><a href=\"https:\/\/loteadorarondon.com.br\/?page_id=10399\">Jardim Pedro Jorge &#8211; Jussara &#8211; PR<br \/>\n<\/a><\/p>\n<\/div>\n<div class=\"mkd-icon-list-item mkd-icon-list-item-default-font-family\">\n<p class=\"mkd-icon-list-text\" style=\"color: #ffffff; font-size: 17px;\"><a href=\"https:\/\/loteadorarondon.com.br\/?page_id=11216\">Jardim Golden Par &#8211; Rondon &#8211; PR<br \/>\n<\/a><\/p>\n<\/div>\n<div class=\"mkd-icon-list-item mkd-icon-list-item-default-font-family\">\n<p class=\"mkd-icon-list-text\" style=\"color: #ffffff; font-size: 17px;\"><a href=\"https:\/\/loteadorarondon.com.br\/?page_id=11160\">Jardim Golden Park II &#8211; Rondon \u2013 PR<br \/>\n<\/a><\/p>\n<\/div>\n<div class=\"mkd-icon-list-item mkd-icon-list-item-default-font-family\">\n<p class=\"mkd-icon-list-text\" style=\"color: #ffffff; font-size: 17px;\"><a href=\"https:\/\/loteadorarondon.com.br\/?page_id=11508\">Jardim Golden Park III &#8211; Rondon \u2013 PR<br \/>\n<\/a><\/p>\n<\/div>\n<div class=\"mkd-icon-list-item mkd-icon-list-item-default-font-family\">\n<p class=\"mkd-icon-list-text\" style=\"color: #ffffff; font-size: 17px;\"><a href=\"https:\/\/loteadorarondon.com.br\/?page_id=10400\">Jardim Golden Park &#8211; S\u00e3o Manoel &#8211; PR<br \/>\n<\/a><\/p>\n<\/div>\n<div class=\"mkd-icon-list-item mkd-icon-list-item-default-font-family\">\n<p class=\"mkd-icon-list-text\" style=\"color: #ffffff; font-size: 17px;\"><a href=\"https:\/\/loteadorarondon.com.br\/?page_id=11140\">Jardim Golden Park &#8211; Nova Ol\u00edmpia &#8211; PR<br \/>\n<\/a><\/p>\n<\/div>\n<p>[\/vc_column_text][vc_empty_space height=&#8221;25px&#8221;][\/vc_column_inner][vc_column_inner width=&#8221;1\/4&#8243; offset=&#8221;vc_col-lg-3 vc_col-md-3&#8243;][vc_raw_html]JTNDaWZyYW1lJTIwc3JjJTNEJTIyaHR0cHMlM0ElMkYlMkZ3d3cuZ29vZ2xlLmNvbSUyRm1hcHMlMkZlbWJlZCUzRnBiJTNEJTIxMW0xOCUyMTFtMTIlMjExbTMlMjExZDM2NjEuMTM4NDcxMzc5MzIxMyUyMTJkLTUyLjc3ODU2ODgyNDc3NjE2JTIxM2QtMjMuNDE5MzY0NTc4ODk3NTQzJTIxMm0zJTIxMWYwJTIxMmYwJTIxM2YwJTIxM20yJTIxMWkxMDI0JTIxMmk3NjglMjE0ZjEzLjElMjEzbTMlMjExbTIlMjExczB4OTQ4ZDU2ZGFjZWQ1OTcyZCUyNTNBMHg3YjE0MDBmMjJmNjk4ODc0JTIxMnNSLiUyNTIwUGFyaXMlMjUyQyUyNTIwOTQzJTI1MjAtJTI1MjBDZW50cm8lMjUyQyUyNTIwUm9uZG9uJTI1MjAtJTI1MjBQUiUyNTJDJTI1MjA4NzgwMC0wMDAlMjE1ZTAlMjEzbTIlMjExc3B0LUJSJTIxMnNiciUyMTR2MTY4OTAxNjU4MDg1MSUyMTVtMiUyMTFzcHQtQlIlMjEyc2JyJTIyJTIwd2lkdGglM0QlMjIzMDAlMjIlMjBoZWlnaHQlM0QlMjIyMDAlMjIlMjBzdHlsZSUzRCUyMmJvcmRlciUzQTAlM0IlMjIlMjBhbGxvd2Z1bGxzY3JlZW4lM0QlMjIlMjIlMjBsb2FkaW5nJTNEJTIybGF6eSUyMiUyMHJlZmVycmVycG9saWN5JTNEJTIybm8tcmVmZXJyZXItd2hlbi1kb3duZ3JhZGUlMjIlM0UlM0MlMkZpZnJhbWUlM0U=[\/vc_raw_html][vc_raw_html css=&#8221;.vc_custom_1689017394852{padding-top: 10px !important;}&#8221;]JTNDZGl2JTIwY2xhc3MlM0QlMjJmb290ZXItLWNvbnRhY3Qtc29jaWFsJTIyJTIwc3R5bGUlM0QlMjIlMkYlMkElMjBtYXJnaW4tcmlnaHQlM0ElMjAzNSUyNSUzQiUyMCUyQSUyRiUyRiUyQSUyMHdpZHRoJTNBJTIwODNweCUzQiUyMCUyQSUyRiUyRiUyQSUyMG1hcmdpbi1sZWZ0JTNBJTIwNDElMjUlM0IlMjAlMkElMkYlMjB0ZXh0LWFsaWduJTNBJTIwY2VudGVyJTNCJTIyJTNFJTIwJTBBJTIwJTIwJTIwJTIwJTNDYSUyMGhyZWYlM0QlMjJodHRwcyUzQSUyRiUyRnd3dy5mYWNlYm9vay5jb20lMkZMb3RlYWRvcmFSb25kb24lMkYlMjIlMjB0YXJnZXQlM0QlMjJfYmxhbmslMjIlM0UlMjAlMEElMjAlMjAlMjAlMjAlMjAlMjAlMjAlMjAlM0NpbWclMjBzcmMlM0QlMjJodHRwJTNBJTJGJTJGbG90ZWFkb3Jhcm9uZG9uLmNvbS5iciUyRndwLWNvbnRlbnQlMkZ1cGxvYWRzJTJGMjAxOCUyRjA0JTJGZmFjZWJvb2sucG5nJTIyJTIwYWxpZ24lM0QlMjJtaWRkbGUlMjIlMjBzdHlsZSUzRCUyMndpZHRoJTNBJTIwMTAlMjUlM0IlMkYlMkElMjB3aWR0aCUzQSUyMDI1cHglM0IlMjAlMkElMkZtYXJnaW4tYm90dG9tJTNBJTIwM3B4JTNCbWFyZ2luLXJpZ2h0JTNBJTIwMHB4JTNCJTIyJTNFJTIwJTBBJTIwJTIwJTIwJTIwJTNDJTJGYSUzRSUyMCUwQSUyMCUyMCUyMCUyMCUzQ2ElMjBocmVmJTNEJTIyaHR0cHMlM0ElMkYlMkZ3d3cuaW5zdGFncmFtLmNvbSUyRnJvbmRvbmxvdGVhZG9yYSUyRiUyMiUyMHRhcmdldCUzRCUyMl9ibGFuayUyMiUzRSUyMCUwQSUyMCUyMCUyMCUyMCUyMCUyMCUyMCUyMCUzQ2ltZyUyMHNyYyUzRCUyMmh0dHAlM0ElMkYlMkZsb3RlYWRvcmFyb25kb24uY29tLmJyJTJGd3AtY29udGVudCUyRnVwbG9hZHMlMkYyMDE4JTJGMDQlMkZpbnN0YWdyYW0tMi5wbmclMjIlMjBhbGlnbiUzRCUyMm1pZGRsZSUyMiUyMHN0eWxlJTNEJTIyd2lkdGglM0ElMjAxMCUyNSUzQiUyRiUyQSUyMHdpZHRoJTNBJTIwMjVweCUzQiUyMCUyQSUyRm1hcmdpbi1ib3R0b20lM0ElMjAzcHglM0JtYXJnaW4tcmlnaHQlM0ElMjAwcHglM0IlMjIlM0UlMjAlMEElMjAlMjAlMjAlMjAlM0MlMkZhJTNFJTBBJTIwJTIwJTIwJTIwJTNDYSUyMGhyZWYlM0QlMjJodHRwcyUzQSUyRiUyRnd3dy55b3V0dWJlLmNvbSUyRmNoYW5uZWwlMkZVQzh5Q3dRTlIzZHVaNFJ0THRHTXpnZHclMkZmZWF0dXJlZCUyMiUyMHRhcmdldCUzRCUyMl9ibGFuayUyMiUzRSUyMCUwQSUyMCUyMCUyMCUyMCUyMCUyMCUyMCUyMCUzQ2ltZyUyMHNyYyUzRCUyMmh0dHAlM0ElMkYlMkZsb3RlYWRvcmFyb25kb24uY29tLmJyJTJGd3AtY29udGVudCUyRnVwbG9hZHMlMkYyMDE4JTJGMDQlMkZ5b3V0dWJlLTIucG5nJTIyJTIwYWxpZ24lM0QlMjJtaWRkbGUlMjIlMjBzdHlsZSUzRCUyMndpZHRoJTNBJTIwMTAlMjUlM0IlMkYlMkElMjB3aWR0aCUzQSUyMDI1cHglM0IlMjAlMkElMkZtYXJnaW4tYm90dG9tJTNBJTIwM3B4JTNCbWFyZ2luLXJpZ2h0JTNBJTIwMHB4JTNCJTIyJTNFJTIwJTBBJTIwJTIwJTIwJTIwJTNDJTJGYSUzRSUyMCUyMCUyMCUyMCUwQSUzQyUyRmRpdiUzRQ==[\/vc_raw_html][\/vc_column_inner][\/vc_row_inner][vc_raw_html]JTNDY2VudGVyJTNFJTNDcCUyMGNsYXNzJTNEJTIyY29weXJpZ2h0JTIwZm9vdGVyLS1jb3B5cmlnaHQlMjB0ZXh0LWNlbnRlciUyMiUyMHN0eWxlJTNEJTIyY29sb3IlM0ElMjB3aGl0ZSUzQm1hcmdpbi1ib3R0b20lM0ElMjAwcHglM0JwYWRkaW5nLXRvcCUzQSUyMDI1cHglM0JwYWRkaW5nLWJvdHRvbSUzQSUyMDI1cHglM0IlMjIlM0VDb3B5cmlnaHQlMjAlQzIlQTklMjAyMDIwJTIwUm9uZG9uLiUyMFRvZG9zJTIwb3MlMjBkaXJlaXRvcyUyMHJlc2VydmFkb3MuJTIwJTIwJTBBRGVzZW52b2x2aWRvJTIwcG9yJTNBJTBBJTIwJTIwJTIwJTIwJTNDYSUyMGhyZWYlM0QlMjJodHRwcyUzQSUyRiUyRnd3dy5jZXRyb3NpdGVzLmNvbS5iciUyRiUyMiUyMHRhcmdldCUzRCUyMl9ibGFuayUyMiUzRSUwQSUyMCUyMCUyMCUyMCUyMCUyMCUyMCUyMCUzQ2ltZyUyMHNyYyUzRCUyMmh0dHBzJTNBJTJGJTJGbG90ZWFkb3Jhcm9uZG9uLmNvbS5iciUyRndwLWNvbnRlbnQlMkZ1cGxvYWRzJTJGMjAyMCUyRjA3JTJGY2V0cm8uc3ZnJTIyJTIwYWxpZ24lM0QlMjJtaWRkbGUlMjIlMjBzdHlsZSUzRCUyMndpZHRoJTNBJTIwMTAwcHglM0JtYXJnaW4tYm90dG9tJTNBJTIwMTBweCUzQiUyMiUzRSUwQSUyMCUyMCUyMCUyMCUzQyUyRmElM0UlM0MlMkZwJTNFJTNDJTJGY2VudGVyJTNF[\/vc_raw_html][\/vc_column][\/vc_row]<\/p>\n","protected":false},"excerpt":{"rendered":"<p>[vc_row content_width=&#8221;grid&#8221; css=&#8221;.vc_custom_1689708836238{padding-top: 109px !important;padding-bottom: 98px !important;background-color: #f0f0f0 !important;}&#8221;][vc_column offset=&#8221;vc_col-lg-offset-0 vc_col-lg-6 vc_col-md-offset-0 vc_col-md-12 vc_col-sm-offset-0&#8243;][vc_column_text] Fa\u00e7a coisas que ficam na mem\u00f3ria, fa\u00e7a coisas que valem a pena. Somos apaixonados pelos nossos projetos e pelos nossos clientes. N\u00f3s sempre superamos expectativas. Nosso maior desafio \u00e9 a busca&#8230;<\/p>\n","protected":false},"author":1,"featured_media":0,"parent":0,"menu_order":0,"comment_status":"closed","ping_status":"closed","template":"full-width.php","meta":{"inline_featured_image":false,"_exactmetrics_skip_tracking":false,"_exactmetrics_sitenote_active":false,"_exactmetrics_sitenote_note":"","_exactmetrics_sitenote_category":0,"footnotes":""},"class_list":["post-7797","page","type-page","status-publish","hentry"],"_links":{"self":[{"href":"https:\/\/loteadorarondon.com.br\/index.php?rest_route=\/wp\/v2\/pages\/7797","targetHints":{"allow":["GET"]}}],"collection":[{"href":"https:\/\/loteadorarondon.com.br\/index.php?rest_route=\/wp\/v2\/pages"}],"about":[{"href":"https:\/\/loteadorarondon.com.br\/index.php?rest_route=\/wp\/v2\/types\/page"}],"author":[{"embeddable":true,"href":"https:\/\/loteadorarondon.com.br\/index.php?rest_route=\/wp\/v2\/users\/1"}],"replies":[{"embeddable":true,"href":"https:\/\/loteadorarondon.com.br\/index.php?rest_route=%2Fwp%2Fv2%2Fcomments&post=7797"}],"version-history":[{"count":23,"href":"https:\/\/loteadorarondon.com.br\/index.php?rest_route=\/wp\/v2\/pages\/7797\/revisions"}],"predecessor-version":[{"id":11878,"href":"https:\/\/loteadorarondon.com.br\/index.php?rest_route=\/wp\/v2\/pages\/7797\/revisions\/11878"}],"wp:attachment":[{"href":"https:\/\/loteadorarondon.com.br\/index.php?rest_route=%2Fwp%2Fv2%2Fmedia&parent=7797"}],"curies":[{"name":"wp","href":"https:\/\/api.w.org\/{rel}","templated":true}]}}